9?
False
Is 62176 a multiple of 116?
True
Is 343562 a multiple of 19?
False
Does 945 divide 1378267?
False
Is 259659 a multiple of 391?
False
Does 792 divide 1567368?
True
Is 2122568 a multiple of 203?
True
Is 36756 a multiple of 36?
True
Is 9 a factor of 111751?
False
Is 46 a factor of 19276696?
False
Is 510843 a multiple of 141?
True
Is 3589 a multiple of 83?
False
Does 11 divide 34204?
False
Is 72200 a multiple of 38?
True
Does 120 divide 18670432?
False
Does 61 divide 151738?
False
Does 44 divide 24804?
False
Does 321 divide 671853?
True
Is 20 a factor of 968400?
True
Is 34 a factor of 40499?
False
Does 9 divide 19143?
True
Is 419 a factor of 382064?
False
Is 1529710 a multiple of 410?
True
Does 834 divide 1794211?
False
Is 40 a factor of 2671960?
True
Does 20 divide 13400?
True
Is 7855 a multiple of 6?
False
Does 15 divide 654115?
False
Does 35 divide 1077541?
False
Is 298673 a multiple of 9?
False
Is 860426 a multiple of 82?
True
Is 2403614 a multiple of 86?
True
Is 2363120 a multiple of 80?
True
Is 8 a factor of 5508365?
False
Is 11 a factor of 187288?
False
Is 113483 a multiple of 283?
True
Is 9 a factor of 6836271?
False
Is 16 a factor of 475801?
False
Is 138219 a multiple of 237?
False
Does 141 divide 58938?
True
Does 17 divide 716261?
True
Is 229323 a multiple of 3?
True
Does 8 divide 33864?
True
Does 61 divide 10098977?
True
Is 9475370 a multiple of 109?
True
Is 358 a factor of 5989628?
False
Does 8 divide 3114482?
False
Is 1282156 a multiple of 40?
False
Is 9 a factor of 602897?
False
Is 1595 a factor of 3057341?
False
Is 3681786 a multiple of 346?
True
Is 36 a factor of 5846868?
True
Does 56 divide 48328?
True
Does 103 divide 7392834?
False
Is 203761 a multiple of 166?
False
Is 16196692 a multiple of 1781?
False
Is 12186771 a multiple of 141?
True
Is 37 a factor of 136049?
True
Does 338 divide 22906?
False
Does 302 divide 301002?
False
Does 5 divide 85450?
True
Does 46 divide 844698?
True
Is 2 a factor of 267491?
False
Is 177 a factor of 1641258?
False
Does 502 divide 408628?
True
Does 7 divide 1277171?
True
Is 152722 a multiple of 125?
False
Is 578975 a multiple of 25?
True
Is 2026538 a multiple of 271?
True
Does 42 divide 84168?
True
Is 1449858 a multiple of 20?
False
Is 2923253 a multiple of 867?
False
Is 111343 a multiple of 32?
False
Is 6 a factor of 16227?
False
Does 52 divide 1273376?
True
Is 9928 a multiple of 8?
True
Is 115919 a multiple of 167?
False
Is 900460 a multiple of 55?
True
Is 1612690 a multiple of 10?
True
Is 225096 a multiple of 452?
True
Does 31 divide 1549946?
False
Is 132300 a multiple of 252?
True
Is 13 a factor of 163345?
True
Is 1593112 a multiple of 19?
True
Is 85100 a multiple of 258?
False
Does 17 divide 9193158?
True
Is 99903 a multiple of 147?
False
Does 211 divide 1269376?
True
Is 26 a factor of 308308?
True
Is 23 a factor of 64215?
False
Does 97 divide 1183206?
True
Does 437 divide 626496?
False
Does 21 divide 2585751?
True
Is 275 a factor of 223575?
True
Does 4 divide 448124?
True
Does 8 divide 91888?
True
Is 34100 a multiple of 155?
True
Is 130 a factor of 13038200?
False
Is 24 a factor of 46824?
True
Is 1923942 a multiple of 19?
False
Is 60 a factor of 97260?
True
Is 1182417 a multiple of 92?
False
Is 83 a factor of 1523465?
True
Does 21 divide 3371672?
False
Is 39 a factor of 878407?
False
Does 19 divide 1034360?
True
Is 51 a factor of 1537803?
True
Is 11 a factor of 811811?
True
Does 214 divide 12406436?
True
Is 49 a factor of 197715?
True
Is 5729859 a multiple of 17?
False
Is 222264 a multiple of 126?
True
Is 718014 a multiple of 506?
True
Is 1684186 a multiple of 14?
True
Is 32691 a multiple of 17?
True
Is 2 a factor of 7699?
False
Does 65 divide 3159455?
True
Does 20 divide 18960?
True
Is 69 a factor of 609936?
False
Is 10 a factor of 121220?
True
Does 71 divide 54457?
True
Is 221 a factor of 1145747?
False
Does 7 divide 4376942?
False
Is 64402 a multiple of 26?
True
Does 240 divide 3591088?
False
Does 253 divide 789523?
False
Is 87663 a multiple of 42?
False
Is 568 a factor of 351592?
True
Is 68 a factor of 788120?
True
Does 488 divide 1734352?
True
Is 382996 a multiple of 362?
True
Is 8 a factor of 4790661?
False
Is 1109 a factor of 15924056?
False
Is 20 a factor of 10713833?
False
Is 229063 a multiple of 37?
False
Is 22 a factor of 1798324?
True
Does 6 divide 199316?
False
Does 17 divide 13946895?
False
Is 2 a factor of 57645?
False
Does 8 divide 95748?
False
Is 67224 a multiple of 12?
True
Is 332 a factor of 240898?
False
Is 1706825 a multiple of 25?
True
Is 1746 a factor of 16104910?
False
Is 9978679 a multiple of 300?
False
Is 98 a factor of 38808?
True
Is 127 a factor of 61070?
False
Does 550 divide 3539187?
False
Is 489738 a multiple of 15?
False
Is 8 a factor of 24267?
False
Does 18 divide 2345566?
False
Is 15 a factor of 469425?
True
Is 25 a factor of 1950475?
True
Is 2 a factor of 1101049?
False
Is 1314855 a multiple of 15?
True
Does 10 divide 50006?
False
Does 19 divide 28386?
True
Does 35 divide 1832156?
False
Is 108 a factor of 357912?
True
Is 23 a factor of 1025961?
True
Does 999 divide 342657?
True
Is 159930 a multiple of 90?
True
Does 14 divide 4309070?
False
Does 1981 divide 8734229?
True
Is 306090 a multiple of 38?
True
Is 312400 a multiple of 25?
True
Is 53444 a multiple of 66?
False
Is 33744 a multiple of 57?
True
Is 50 a factor of 839550?
True
Does 61 divide 11224?
True
Is 9060558 a multiple of 51?
True
Is 27657 a multiple of 29?
False
Is 234668 a multiple of 14?
True
Is 69 a factor of 583852?
False
Is 3050262 a multiple of 291?
True
Is 145 a factor of 2182105?
True
Does 48 divide 2283456?
True
Is 1845494 a multiple of 61?
True
Is 40 a factor of 247460?
False
Is 130 a factor of 478081?
False
Is 11779628 a multiple of 574?
True
Is 365062 a multiple of 224?
False
Is 81 a factor of 2898585?
True
Is 90909 a multiple of 52?
False
Is 1247115 a multiple of 12?
False
Does 3 divide 4988261?
False
Is 241 a factor of 2598820?
False
Is 132627 a multiple of 33?
True
Is 59708 a multiple of 46?
True
Is 950 a factor of 26225240?
False
Is 491949 a multiple of 715?
False
Is 1671385 a multiple of 103?
False
Is 27234 a multiple of 534?
True
Is 12771079 a multiple of 6?
False
Is 71 a factor of 762373?
False
Does 70 divide 4055649?
False
Is 285642 a multiple of 21?
True
Does 207 divide 1227420?
False
Is 283 a factor of 1164321?
False
Is 2319312 a multiple of 12?
True
Is 35653 a multiple of 68?
False
Is 282757 a multiple of 9?
False
Is 34 a factor of 2684334?
True
Is 3580344 a multiple of 36?
True
Does 78 divide 7607418?
True
Is 13364556 a multiple of 1173?
False
Is 21240 a multiple of 20?
True
Is 24 a factor of 378618?
False
Is 6483159 a multiple of 13?
False
Does 125 divide 347000?
True
Is 56 a factor of 43602?
False
Is 327490 a multiple of 9?
False
Is 26 a factor of 3960719?
False
Is 226 a factor of 352786?
True
Is 34356 a multiple of 28?
True
Is 973987 a multiple of 427?
True
Is 936859 a multiple of 529?
True
Does 8 divide 1875840?
True
Does 393 divide 27877062?
True
Is 164 a factor of 446535?
False
Is 13 a factor of 9127456?
True
Does 15 divide 21225?
True
Is 27898563 a multiple of 177?
True
Is 21 a factor of 148824?
False
Does 16 divide 102795?
False
Is 5 a factor of 18690?
True
Is 10353525 a multiple of 861?
True
Is 151845 a multiple of 53?
True
Does 38 divide 695378?
False
Does 13 divide 129869?
False
Is 34 a factor of 3928700?
True
Is 165 a factor of 1147245?
True
Is 6766568 a multiple of 241?
False
Does 1646 divide 1827060?
True
Does 210 divide 5298432?
False
Does 67 divide 811437?
True
Is 16 a factor of 60672?
True
Is 27 a factor of 191943?
True
Is 640 a factor of 871680?
True
Does 13 divide 607295?
True
Does 912 divide 798912?
True
Is 185560 a multiple of 667?
False
Does 28 divide 3151428?
True
Is 1268213 a multiple of 51?
False
Does 71 divide 95779?
True
Does 13 divide 9257980?
False
Is 189 a factor of 13702500?
True
Is 6135294 a multiple of 22?
True
Does 92 divide 126061?
False
Is 15 a factor of 476138?
False
Does 154 divide 234234?
True
Does 51 divide 912951?
True
Is 23 a factor of 370162?
True
Is 79895 a multiple of 145?
True
Does 91 divide 765492?
True
Does 24 divide 174082?
False
Does 16 divide 3221749?
False
Does 30 divide 1295040?
True
Does 21 divide 146496?
True
D